
Let s(a) = -9*a**2 + 303*a - 2086. What is s(24)?
2
Let b(u) = u**2 + 89*u - 1454. Determine b(-103).
-12
Let d(o) = 593*o - 3068. Determine d(5).
-103
Let u(x) = -x**3 - 17*x**2 - 54*x + 147. Determine u(-8).
3
Let t(i) = -4*i**3 + 17*i**2 - 12*i + 35. Calculate t(4).
3
Let j(l) = -43*l - 571. Calculate j(-12).
-55
Let k(x) = -1202*x - 61309. Give k(-51).
-7
Let f(d) = d + 11. What is f(-15)?
-4
Let i(c) = -551*c + 4953. Calculate i(9).
-6
Let s(n) = -n**3 - 19*n**2 - 8*n - 217. Give s(-19).
-65
Let g(x) = x**2 + 33*x - 446. Calculate g(-43).
-16
Let a(f) = 187*f + 186. Give a(0).
186
Let h(a) = -4*a**2 - 157*a - 473. What is h(-36)?
-5
Let y(c) = -c**3 + 33*c**2 - 33*c - 7. Determine y(32).
-39
Let m(p) = -p**2 + 157*p - 751. What is m(5)?
9
Let w(t) = t**3 - 7*t**2 - 37*t + 2. Determine w(-5).
-113
Let n(x) = -x**3 + 27*x**2 - 47*x - 45. Give n(25).
30
Let i(t) = 8*t**2 - 200*t + 517. Give i(22).
-11
Let y(p) = -2*p**3 + 10*p**2 + 32*p - 121. Give y(6).
-1
Let w(f) = -13*f - 29. Give w(-3).
10
Let i(q) = -16*q**3 + 11*q**2 + q - 4. Determine i(-3).
524
Let d(s) = -4*s**2 + 95*s + 215. What is d(30)?
-535
Let a(y) = -4*y**2 - 190*y - 7. Calculate a(-47).
87
Let r(o) = 24*o**2 + 234*o - 53. Determine r(-10).
7
Let v(w) = 50*w - 322. What is v(5)?
-72
Let p(d) = -2*d**2 + 31*d - 47. Calculate p(13).
18
Let y(u) = -u**3 - 6*u**2 + 55*u + 102. Calculate y(-10).
-48
Let r(d) = -11*d**2 + 98*d + 11. Calculate r(9).
2
Let x(q) = q**3 + 27*q**2 + 80*q - 336. Determine x(-23).
-60
Let g(t) = -28*t - 143. Determine g(-3).
-59
Let w(i) = 282*i + 848. Give w(-3).
2
Let y(m) = 2*m**3 + 15*m**2 + m - 17. Determine y(-7).
25
Let y(t) = -8*t + 151. Determine y(26).
-57
Let u(z) = z**3 + 8*z**2 + 11*z + 22. What is u(-7)?
-6
Let s(p) = 10*p - 71. What is s(6)?
-11
Let d(z) = -z**3 + 56*z**2 + 105*z + 62. Give d(58).
-576
Let f(b) = b**3 - 6*b**2 + 9*b - 190. Give f(10).
300
Let q(o) = -o**2 - 41*o - 328. Calculate q(-20).
92
Let w(v) = 2*v**2 - 7*v - 345. Calculate w(-11).
-26
Let k(y) = -y**2 - 55*y + 10115. Determine k(-132).
-49
Let h(r) = -12*r**3 + 2*r**2 + 2*r - 5. Give h(-2).
95
Let g(p) = 24*p + 137. What is g(2)?
185
Let n(t) = -t**2 - 34*t - 110. Determine n(-31).
-17
Let t(o) = 17*o + 197. Determine t(-11).
10
Let p(h) = -16*h**2 - 3*h + 12. Determine p(-2).
-46
Let g(y) = 72*y - 1103. What is g(16)?
49
Let c(a) = 15*a**2 - 268*a - 28. Determine c(18).
8
Let r(b) = -119*b + 36. Determine r(1).
-83
Let z(g) = 2*g**2 - 117*g + 29. Determine z(30).
-1681
Let x(o) = 73*o + 1785. Determine x(-24).
33
Let k(x) = -4*x - 66. Give k(11).
-110
Let j(u) = 159*u - 873. Give j(6).
81
Let x(d) = -52*d**3 - 7*d - 7. Determine x(-1).
52
Let y(a) = -a**3 + 15*a**2 - 14*a - 28. Give y(15).
-238
Let u(y) = y**3 - 122*y**2 + 352*y + 600. Calculate u(119).
5
Let a(b) = -85*b + 1506. What is a(19)?
-109
Let h(u) = -13*u - 4. What is h(4)?
-56
Let c(a) = 2*a**3 + 36*a**2 + 27*a + 51. Determine c(-17).
170
Let b(x) = 5052*x + 75782. Determine b(-15).
2
Let d(w) = 10*w**2 - 112*w - 91. Give d(12).
5
Let w(t) = -579*t - 71202. Determine w(-123).
15
Let n(w) = 15*w - 263. Calculate n(17).
-8
Let f(u) = -3*u**2 - 376*u + 3751. Calculate f(10).
-309
Let l(m) = -m**3 - 171*m**2 - 502*m + 329. Determine l(-168).
-7
Let u(z) = -147*z + 561. Give u(3).
120
Let s(n) = -n**3 + 24*n**2 + 581*n - 120. Determine s(-15).
-60
Let a(i) = 142*i - 3844. Determine a(27).
-10
Let r(o) = o**3 - 9*o**2 + 5*o + 43. Calculate r(6).
-35
Let n(i) = i**2 - 6174*i - 37085. Determine n(-6).
-5
Let v(a) = 99*a - 2492. Determine v(25).
-17
Let l(v) = v**2 - 33*v - 228. Give l(-6).
6
Let k(f) = 2*f**3 - 6*f**2 - 8*f + 14. Give k(3).
-10
Let b(r) = 49*r - 136. What is b(-7)?
-479
Let l(g) = 3*g**2 - 27*g - 56. Determine l(10).
-26
Let l(y) = -6*y**3 - 8*y**2 - 9*y + 5. Give l(-3).
122
Let f(y) = 12*y**2 + 42*y. Calculate f(-2).
-36
Let g(n) = -2*n**3 - 24*n**2 - 6*n + 28. Calculate g(-10).
-312
Let t(x) = -514*x - 1338. Calculate t(0).
-1338
Let k(a) = a**3 - 6*a**2 - 1519*a + 6106. Calculate k(4).
-2
Let w(m) = -2*m**2 - 45*m - 49. Determine w(-17).
138
Let v(y) = 5*y**3 + 8*y**2 + 13*y + 4. Give v(-3).
-98
Let v(r) = -111*r + 111. Calculate v(5).
-444
Let o(v) = -v**2 + 46*v - 9. Calculate o(4).
159
Let m(a) = -2*a**2 + 147*a - 1631. What is m(60)?
-11
Let w(x) = 3713*x - 59406. Calculate w(16).
2
Let h(x) = -x**2 - 1343*x - 13333. Calculate h(-10).
-3
Let f(n) = -685*n + 17795. Give f(26).
-15
Let y(f) = -152*f + 22979. Calculate y(151).
27
Let n(d) = 7*d**2 + 8*d + 6. Calculate n(-2).
18
Let l(h) = h**3 + 8*h**2 - 23*h - 38. Determine l(-10).
-8
Let x(y) = -211*y + 3968. Determine x(19).
-41
Let f(b) = 24*b**2 - 178*b + 5. Calculate f(5).
-285
Let f(j) = -13*j**2 + 77*j + 4. What is f(7)?
-94
Let h(k) = -4*k**2 - 103*k - 105. Determine h(-25).
-30
Let s(m) = 2*m**3 - 15*m**2 + 2*m + 114. Give s(5).
-1
Let k(m) = -2*m**2 + 74*m - 51. Determine k(36).
21
Let n(m) = -4*m**3 - 179*m**2 + 42*m - 294. Calculate n(-45).
-159
Let p(x) = -x**3 + 3*x**2 + 9*x - 15. Calculate p(-3).
12
Let h(l) = 62*l - 2424. Calculate h(35).
-254
Let w(f) = f**2 - 10*f + 98. Determine w(8).
82
Let u(v) = -2*v**3 + 22*v**2 + 5*v - 16. Determine u(11).
39
Let h(l) = -614*l - 26963. Calculate h(-44).
53
Let u(i) = 72*i**2 - 332*i - 111. Give u(5).
29
Let s(w) = 528*w + 1571. What is s(-3)?
-13
Let g(z) = -z**2 + 32*z - 45. Calculate g(31).
-14
Let r(c) = -585*c - 2954. What is r(-5)?
-29
Let s(b) = -b**3 - 12*b**2 + 16*b - 23. Calculate s(-15).
412
Let f(p) = 37*p + 129. Give f(-5).
-56
Let i(k) = k**3 + 50*k**2 - 35*k + 853. Give i(-51).
37
Let k(v) = -17*v**3 - 4*v**2 - 9*v - 2. Determine k(-2).
136
Let f(x) = -6*x**3 - 56*x**2 - 19*x - 5. Calculate f(-9).
4
Let d(t) = -t**3 - 36*t**2 - 4*t - 121. Calculate d(-36).
23
Let y(b) = -b**2 - 19*b + 4599. Calculate y(59).
-3
Let f(a) = -47*a + 3200. Give f(66).
98
Let n(w) = 230*w - 3285. Determine n(14).
-65
Let x(i) = -4*i + 14. What is x(14)?
-42
Let t(g) = -20*g + 473. Calculate t(29).
-107
Let j(w) = -w**3 + 6*w**2 - w + 78. Calculate j(7).
22
Let o(w) = 19*w + 54. Calculate o(-6).
-60
Let t(a) = 944*a + 43444. Calculate t(-46).
20
Let d(x) = x**2 + 23*x + 56. Give d(-15).
-64
Let w(f) = -457*f + 1819. What is w(4)?
-9
Let l(w) = 2*w**2 + 71*w + 294. What is l(-31)?
15
Let s(f) = 5498*f + 21971. Give s(-4).
-21
Let w(u) = -18*u**2 + 580*u - 24. Calculate w(34).
-1112
Let q(a) = 2*a**2 - 9*a - 225. Determine q(-9).
18
Let m(t) = 100*t + 4251. Determine m(-44).
-149
Let p(k) = 642*k - 730. Determine p(1).
-88
Let l(y) = -35*y**3 + 5*y**2 - 2*y + 1. Calculate l(-2).
305
Let c(i) = -i**3 - 8*i**2 + 146*i + 12. Calculate c(9).
-51
Let l(s) = -6*s**2 - 683*s + 115. What is l(-114)?
1
Let w(y) = -y**2 - 235*y + 14932. What is w(-287)?
8
Let d(w) = -w**3 + 26*w**2 + 27*w + 10. What is d(27)?
10
Let x(q) = q**3 + 29*q**2 - 101. Calculate x(-29).
-101
Let y(b) = 899*b - 35051. Give y(39).
10
Let y(c) = -521*c - 20929. What is y(-40)?
-89
Let o(b) = -453*b - 11324. Give o(-25).
1
Let t(p) = -124*p - 13. Determine t(1).
-137
Let c(a) = a**3 + 20*a**2 - 25*a - 48. Determine c(-21).
36
Let o(i) = -14*i - 17. Calculate o(3).
-59
Let y(k) = 12*k**2 + 577*k + 624. What is y(-47)?
13
Let g(b) = -2*b**3 - 16*b**2 + 158*b + 1086. What is g(-6)?
-6
Let u(b) = 18*b - 468. Give u(38).
216
Let u(h) = -61*h - 476. Calculate u(-9).
73
Let w(t) = -3309*t + 39711. Calculate w(12).
3
Let n(h) = -1564*h + 53182. What is n(34)?
6
Let s(k) = -39*k - 298. What is s(-8)?
14
Let r(p) = -806*p - 6520. What is r(-8)?
-72
Let s(c) = -592*c + 1767. What is s(3)?
-9
Let t(v) = v**3 + 12*v**2 + 8*v + 95. Give t(-12).
-1
Let i(c) = 4112*c + 16437. Determine i(-4).
-11
Let b(d) = -20*d**2 - 312*d + 178. Give b(-16).
50
Let x(q) = q**2 + 98*q + 1672. Calculate x(-76).
0
Let j(a) = -2*a**3 + 4*a**2 + 4*a + 42. Give j(6).
-222
Let z(t) = -2*t**2 - 481*t - 8412. What is z(-19)?
5
Let x(a) = -11*a**3 + 55*a**2 + 4*a - 27. Give x(5).
-7
Let y(h) = 15*h + 82. Determine y(-16).
-158
Let g(o) = 23*o + 380. What is g(-27)?
-241
Let x(f) = -f**3 + 36*f**2 - 9. Determine x(36).
-9
Let s(k) = 27*k + 136. What is s(-8)?
-80
Let i(m) = -9023*m - 117294. Calculate i(-13).
5
Let m(k) = 4525*k - 4538. What is m(1)?
-13
Let n(c) = 19